 What is the units digit of w?
5
Suppose 3*j - 5*q = 73, -2*j - 3*q + 58 = -4*q. What is the tens digit of j?
3
Let i = 33 - 17. Suppose i = 2*l - 5*x, -5*l + x - 3*x = -11. What is the units digit of l?
3
Suppose -4*g = 54 - 182. What is the tens digit of g?
3
Let t(x) = 4*x**2 - 4*x + 1. Let j be t(-3). Suppose 4*q = 3*v + j, 5*q - 62 = 5*v - v. What is the units digit of q?
0
Suppose 5*l - 2423 = -448. What is the tens digit of l?
9
Let c = 110 - -18. What is the units digit of c?
8
Suppose 0 = d - 5*d - 100. Let n = -10 - d. What is the units digit of n?
5
Let m(q) = -q**2 + 3*q + 4. Let f be -5*-1*(-7)/(-5). Let r be m(f). What is the units digit of ((-18)/r)/(2/24)?
9
Let l be 3 - (-3 - -2)*1. Suppose -2*o = -3*a, l*a - 11 = -o - 0*a. What is the units digit of o?
3
Let s(x) be the second derivative of x**4/12 + x**3/3 - 5*x**2/2 + x. Let t be s(-4). What is the units digit of (-20)/(-2) - t/3?
9
Let d = 3 + -1. Suppose -15 = -d*g - g. Suppose -g*i + 42 = -2*f - 13, 2*f = 0. What is the tens digit of i?
1
Let o be 1/(-2) + 76/8. Let c(w) = w**2 - 9*w + 4. Let n be c(o). Suppose s + s = n*a - 38, 0 = -a - s + 8. What is the units digit of a?
9
Let m(z) = 4*z - 6. Let p be m(8). Suppose -4*a + a - 5*v = -7, 4*v = a + p. Let d = 4 - a. What is the tens digit of d?
1
Let c(x) = x + 4. Let j(k) = 7*k + 1. Let n be j(1). What is the tens digit of c(n)?
1
Let w = -38 - -75. What is the units digit of w?
7
Let t(o) be the first derivative of -2*o**2 + 2. What is the units digit of t(-1)?
4
Suppose -3*p = -0*p - 15. Suppose 9 = 2*u - 4*h - 73, -p*h = 10. What is the units digit of u?
7
Suppose 0 = 3*a + 5*v - 53, 3*a - 3*v - 2*v - 13 = 0. What is the units digit of a?
1
Let m(o) = 8*o**2 + 1. Suppose -4*c = -3*c - 1. What is the units digit of m(c)?
9
Let l = -57 + 96. What is the units digit of l/2 - 2/4?
9
Let w be (-1 + (1 - 2))*-17. Suppose w = 4*q - 38. What is the tens digit of q?
1
Suppose y - 5 = 4*z + 3, 0 = z + 1. Suppose 0 = y*v - n + 28, -2*v - 2*n - 11 = 13. Let l(w) = -3*w - 7. What is the units digit of l(v)?
7
Let x(y) = 2*y - 3. Let n be x(-4). Let d(r) = r + 13. Let t(l) = -l - 12. Let g(h) = 7*d(h) + 6*t(h). What is the units digit of g(n)?
8
Suppose 11 = -5*o + 1421. What is the tens digit of o?
8
Let z = 3 + -1. Suppose -z*b + 4 = -b. What is the units digit of (-3)/(-6) + 2/b?
1
Suppose 0 = 6*b - 364 - 1148. What is the units digit of b?
2
Suppose 0*l + 4*l = 0. Suppose -b + 23 + 20 = l. What is the units digit of b?
3
Suppose -2*j - 6 = -5*j, 10 = 4*r - 5*j. Suppose 0 = 4*o + 4*k - 44, 3*o = 5*k - r - 2. What is the units digit of o?
6
Suppose 2*f - 4*x + 24 = 0, -2 = -x - 0. Let l = f + 11. Suppose 3 + l = q. What is the units digit of q?
6
Suppose 0 + 4 = 2*r. What is the units digit of r?
2
Let x = 0 + 0. Let q be (-8 - x)*(5 + -6). Suppose 3*b - q + 2 = 0. What is the units digit of b?
2
What is the tens digit of (30/18)/(1/21)?
3
Let f be (-31)/(-2) + 1/2. Suppose 0*r + 4*r = f. Suppose 4*z - 20 = 2*m, r*m = 2 - 10. What is the units digit of z?
4
Suppose 0 = x + 3. What is the tens digit of x - (-5 + 3) - -21?
2
Suppose 71 = 3*g - 7. What is the units digit of g?
6
Let c = 246 - 144. What is the tens digit of c?
0
Let j(m) = -m - 3. Let r be j(-9). What is the units digit of 1/2 - (-195)/r?
3
Suppose -3 = 2*p - 11. Suppose -8*v + p*v - 3*r = 6, v + 8 = -4*r. Suppose 4*c + 2 = x - 23, -2*x + 3*c + 40 = v. What is the tens digit of x?
1
Suppose 4*u = 3*r - 1, 2*u + 0*r = 2*r - 2. Suppose -k - 3*k = -60. Suppose 0 = u*h - k - 13. What is the tens digit of h?
1
What is the units digit of 2 - -72 - (5 - 4)?
3
What is the units digit of (-1)/(-3*3/639)?
1
Let w be (5/10)/(1/(-2)). Let h = w - -7. Let o = 23 - h. What is the units digit of o?
7
Suppose -9*s + 162 = -3*s. What is the tens digit of s?
2
Suppose 188 = 3*r - 4*g, 0 = 4*g + 2 + 6. What is the units digit of r/8 - 2/4?
7
Let x be (2*-1)/2 + 1. Suppose 2*t - 6*t + 72 = x. Suppose 2*l + l = t. What is the units digit of l?
6
Suppose -3 = -0*k + k - g, -k - 2*g - 18 = 0. Let j(n) = 3*n - 4. Let p be j(k). What is the units digit of ((-48)/p)/(1/7)?
2
Let o = -66 - -69. Let v = 2 - 0. Suppose v*b + 41 = 5*i - 50, o*i = -b + 48. What is the tens digit of i?
1
What is the units digit of (-3*(-4)/8)/((-2)/(-52))?
9
Suppose 0 = -2*r + w + 10, -2 = -2*r - 4*w - 12. Let i(y) = -3*y - r - 1 + y. What is the units digit of i(-5)?
6
Let t(m) = 118*m - 1. What is the hundreds digit of t(1)?
1
Suppose y - 123 = -v, -4*v - y + 497 = 4*y. What is the units digit of v?
8
Let n = 23 + -19. What is the units digit of ((-8)/n)/(4/(-62))?
1
Let b = 215 - 85. Suppose 4*j + q = 175, 2*j + q = -j + b. Let t = -24 + j. What is the tens digit of t?
2
Let u(c) be the first derivative of -c**3/3 + 3*c**2 - 3*c + 2. What is the units digit of u(5)?
2
Let d be (1 + -2)*(-3 - -1). Let c be d/4 + 86/4. Suppose 3*b - c = 2*p, 3*b - 8*p = -3*p + 28. What is the units digit of b?
6
Let u(l) = 244*l - 2. What is the tens digit of u(1)?
4
Suppose 4*o + 18 = 3*q, -4*o - 1 = 11. Suppose q*n - 2 = 2. What is the units digit of n?
2
Let s be ((-38)/(-4))/(5/10). Suppose -s = -2*k + k. What is the units digit of k?
9
Let y(u) = -4*u - 15. Let s be y(-6). Suppose 5*c - s*c = -132. What is the tens digit of c?
3
Let o(z) = z**3 + 6*z**2 - 4. Let k be o(-6). Let w be 51/(-5) - k/20. Let t = w - -21. What is the units digit of t?
1
Let j = -9 + -4. Suppose 2*d = -d - 60. Let f = j - d. What is the units digit of f?
7
Let z be (-7440)/(-54) + 4/18. Suppose 2*l = 6, -2*l = -5*c - 3*l + z. What is the units digit of c?
7
Suppose 2*h - 12 = 2*f, 17 = 2*h - f + 2. Let y(r) = -r + 6. Let z be y(5). Suppose k + z = h. What is the units digit of k?
8
Let k(t) = 17*t**2 - 1. Let n be 6/10 + (-2)/(-5). What is the tens digit of k(n)?
1
Let f(k) be the second derivative of -k**3/6 + 4*k**2 + 6*k. Let h = -12 - -19. What is the units digit of f(h)?
1
Suppose 4*x - 27 = 17. What is the tens digit of x?
1
Let d(v) = 17*v**3 + 11 - 10 + 16*v**3. What is the units digit of d(1)?
4
Suppose 2*b + 1 = a - 13, 4*b = 3*a - 30. Let u = b + 5. Let s = 0 - u. What is the units digit of s?
1
Let k = 63 - 37. What is the tens digit of k?
2
Let p = 4 + 4. Suppose -5*r + p + 7 = 5*v, 5*v + 3*r - 19 = 0. What is the units digit of v?
5
Let p(c) = c**2 - 3*c. Let y be p(-3). Suppose 4*r + 4*n - y = 6, 2*r - 8 = 2*n. What is the units digit of r?
5
Let c(l) = 2*l**3 + 2*l**2 - l + 9. What is the units digit of c(4)?
5
Suppose 0*x - x = 0. Suppose x*o = 3*o - 12. What is the units digit of o?
4
Let l = -2 - -7. Suppose 0 = -z - z + 3*k + 67, 5*k + 5 = 0. Suppose l*w - z = w. What is the units digit of w?
8
Let o be (0/(-3)*-1)/2. Suppose -2 = -2*c + 4. Suppose 2*y - 3*t - 27 - c = o, -4 = t. What is the units digit of y?
9
Suppose -39 - 237 = -3*c. What is the tens digit of 27/(-9)*c/(-6)?
4
Let x(b) = b**2 - 5*b + 24. What is the tens digit of x(7)?
3
Suppose 0 = 3*p - 7 - 5. Suppose 13 = -5*q - 12, p*r + q + 1 = 0. What is the units digit of (2*-2)/(-2) - r?
1
Let u(q) = q**3 - 7*q**2 + 4*q - 2. What is the units digit of u(7)?
6
Let m(j) = 4*j**2 - 9*j - 5 - 1 - j**2 - 4*j**2. What is the units digit of m(-7)?
8
Let a(z) = -17*z + 3. Let i be a(3). What is the units digit of 2/(-2 + i/(-22))?
1
Suppose -2*a = 43 - 7. What is the tens digit of (-4)/a - (-178)/9?
2
What is the hundreds digit of (-199)/(-1) + 6 + (-1 - -5)?
2
Let f = -2 + 7. Let o(n) = -n**3 - 2*n**2 - 2*n - 1. Let u be o(-3). Suppose 2*h - 20 = -i, u - 63 = -f*h - 2*i. What is the units digit of h?
9
Suppose 39 = 7*n + 11. What is the units digit of n?
4
Let a(t) = t**2 + 4*t + 6*t + 0*t**2 - 3 - 4*t. Let p be a(-10). Let y = p - 22. What is the units digit of y?
5
Let g be -1 - (-7)/((-14)/(-36)). Suppose g = 4*b - 3*f, b - 3*f - 3 = 4*b. Suppose 2*l - 7 = -v, -4*v + 15 = b*l + 5. What is the units digit of v?
1
Let u be ((-4)/6)/((-8)/36). Suppose -2*g = l - 36, -u*g + 2*g = -4*l - 18. What is the units digit of g?
8
What is the tens digit of (1 - 2)/(35/(-11585))?
3
Let y = 12 + -10. Suppose 20 = -0*h - 4*h, -2*m + y*h + 90 = 0. What is the tens digit of m?
4
Suppose -5*k - 6 - 4 = 0. What is the units digit of (1/2)/(k/(-32))?
8
Let t = -69 - -112. What is the tens